s the units digit of 2234726?
6
What is the millions digit of 1476657?
1
What is the hundred thousands digit of 356320?
3
What is the ten thousands digit of 179179?
7
What is the hundreds digit of 161654?
6
What is the units digit of 274703?
3
What is the hundreds digit of 2865604?
6
What is the thousands digit of 223245?
3
What is the tens digit of 1197643?
4
What is the ten thousands digit of 185498?
8
What is the thousands digit of 3014201?
4
What is the tens digit of 19680121?
2
What is the thousands digit of 1722955?
2
What is the tens digit of 1520960?
6
What is the thousands digit of 10482004?
2
What is the tens digit of 353160?
6
What is the units digit of 922375?
5
What is the tens digit of 645705?
0
What is the hundreds digit of 7532297?
2
What is the hundreds digit of 341369?
3
What is the tens digit of 1427839?
3
What is the thousands digit of 1049730?
9
What is the hundreds digit of 259427?
4
What is the hundreds digit of 230990?
9
What is the hundred thousands digit of 620666?
6
What is the hundred thousands digit of 7110722?
1
What is the ten thousands digit of 2594706?
9
What is the tens digit of 479841?
4
What is the hundreds digit of 204923?
9
What is the hundred thousands digit of 974854?
9
What is the ten thousands digit of 392718?
9
What is the units digit of 584657?
7
What is the thousands digit of 212663?
2
What is the tens digit of 35617?
1
What is the hundreds digit of 3397467?
4
What is the hundreds digit of 933172?
1
What is the units digit of 77802?
2
What is the millions digit of 1120746?
1
What is the thousands digit of 8476668?
6
What is the thousands digit of 272002?
2
What is the units digit of 1848365?
5
What is the hundred thousands digit of 473154?
4
What is the thousands digit of 5954272?
4
What is the tens digit of 3313714?
1
What is the thousands digit of 2583969?
3
What is the ten thousands digit of 280629?
8
What is the hundred thousands digit of 6429561?
4
What is the hundreds digit of 10427236?
2
What is the hundreds digit of 160134?
1
What is the thousands digit of 58410?
8
What is the ten thousands digit of 4272359?
7
What is the hundred thousands digit of 24216501?
2
What is the thousands digit of 1194267?
4
What is the hundreds digit of 40526830?
8
What is the hundreds digit of 3021354?
3
What is the millions digit of 5384507?
5
What is the hundred thousands digit of 15001270?
0
What is the ten millions digit of 14926357?
1
What is the hundred thousands digit of 305377?
3
What is the millions digit of 10596951?
0
What is the thousands digit of 182966?
2
What is the thousands digit of 2542692?
2
What is the hundred thousands digit of 212715?
2
What is the millions digit of 3544812?
3
What is the tens digit of 951951?
5
What is the thousands digit of 1705048?
5
What is the hundred thousands digit of 100562?
1
What is the hundred thousands digit of 2414832?
4
What is the thousands digit of 1330008?
0
What is the hundred thousands digit of 554005?
5
What is the hundreds digit of 237894?
8
What is the hundreds digit of 28415217?
2
What is the ten thousands digit of 4683514?
8
What is the units digit of 2355573?
3
What is the ten thousands digit of 1114182?
1
What is the hundred thousands digit of 732216?
7
What is the tens digit of 4681844?
4
What is the hundred thousands digit of 400772?
4
What is the millions digit of 10258483?
0
What is the hundred thousands digit of 3290455?
2
What is the units digit of 439408?
8
What is the hundred thousands digit of 5272206?
2
What is the tens digit of 643112?
1
What is the hundred thousands digit of 2473227?
4
What is the thousands digit of 305977?
5
What is the hundred thousands digit of 3557156?
5
What is the thousands digit of 1625431?
5
What is the hundred thousands digit of 1013145?
0
What is the units digit of 706323?
3
What is the thousands digit of 238447?
8
What is the ten thousands digit of 16938041?
3
What is the hundreds digit of 304636?
6
What is the ten thousands digit of 7284755?
8
What is the units digit of 27444204?
4
What is the tens digit of 1672135?
3
What is the units digit of 847285?
5
What is the hundreds digit of 9864941?
9
What is the units digit of 1113187?
7
What is the units digit of 1257815?
5
What is the hundreds digit of 1391580?
5
What is the thousands digit of 1154735?
4
What is the ten thousands digit of 1020027?
2
What is the tens digit of 879667?
6
What is the tens digit of 359925?
2
What is the units digit of 13479301?
1
What is the ten thousands digit of 3338880?
3
What is the hundred thousands digit of 17219148?
2
What is the millions digit of 1455803?
1
What is the ten thousands digit of 1287828?
8
What is the hundred thousands digit of 232685?
2
What is the hundreds digit of 241262?
2
What is the units digit of 12191810?
0
What is the thousands digit of 10068322?
8
What is the ten thousands digit of 1872935?
7
What is the ten thousands digit of 11136601?
3
What is the thousands digit of 4724852?
4
What is the hundreds digit of 1739308?
3
What is the tens digit of 383370?
7
What is the tens digit of 1319508?
0
What is the hundreds digit of 314913?
9
What is the ten millions digit of 37209238?
3
What is the thousands digit of 22443?
2
What is the thousands digit of 14791917?
1
What is the thousands digit of 64074?
4
What is the units digit of 6090646?
6
What is the hundreds digit of 1838694?
6
What is the hundred thousands digit of 121317?
1
What is the units digit of 491114?
4
What is the hundred thousands digit of 20066212?
0
What is the thousands digit of 557108?
7
What is the units digit of 75571?
1
What is the thousands digit of 89624?
9
What is the hundred thousands digit of 865374?
8
What is the millions digit of 4720387?
4
What is the hundreds digit of 443363?
3
What is the tens digit of 7595562?
6
What is the tens digit of 3291068?
6
What is the hundreds digit of 30483969?
9
What is the tens digit of 413178?
7
What is the hundred thousands digit of 372735?
3
What is the thousands digit of 903528?
3
What is the ten thousands digit of 9636378?
3
What is the hundred thousands digit of 17860809?
8
What is the thousands digit of 6294408?
4
What is the thousands digit of 4968877?
8
What is the thousands digit of 2935838?
5
What is the ten millions digit of 13482402?
1
What is the ten thousands digit of 54201?
5
What is the hundreds digit of 100425?
4
What is the units digit of 1846275?
5
What is the thousands digit of 705582?
5
What is the hundreds digit of 8400140?
1
What is the hundreds digit of 1002137?
1
What is the hundreds digit of 326858?
8
What is the units digit of 17983226?
6
What is the hundred thousands digit of 627610?
6
What is the hundred thousands digit of 107629?
1
What is the tens digit of 26506?
0
What is the hundred thousands digit of 4533115?
5
What is the tens digit of 1618453?
5
What is the tens digit of 587094?
9
What is the units digit of 1676350?
0
What is the thousands digit of 106645?
6
What is the ten thousands digit of 2608309?
0
What is the hundreds digit of 366222?
2
What is the thousands digit of 732987?
2
What is the thousands digit of 2144205?
4
What is the units digit of 451991?
1
What is the thousands digit of 102314?
2
What is the hundred thousands digit of 2864202?
8
What is the units digit of 1159117?
7
What is the units digit of 1526864?
4
What is the tens digit of 1762840?
4
What is the tens digit of 231798?
9
What is the thousands digit of 29870?
9
What is the millions digit of 4095573?
4
What is the millions digit of 7755130?
7
What is the millions digit of 5215178?
5
What is the units digit of 115867?
7
What is the tens digit of 1156922?
2
What is the ten thousands digit of 884981?
8
What is the units digit of 947623?
3
What is the ten millions digit of 12538707?
1
What is the hundreds digit of 16265384?
3
What is the hundreds digit of 481351?
3
What is the thousands digit of 7261635?
1
What is the millions digit of 21661722?
1
What is the hundred thousands digit of 1324591?
3
What is the thousands digit of 6568350?
8
What is the tens digit of 613914?
1
What is the units digit of 152388?
8
What is the tens digit of 33705?
0
What is the units digit of 6336293?
3
What is the hundreds digit of 460522?
5
What is the hundred thousands digit of 309944?
3
What is the units digit